alculate the highest common divisor of 20 and c.
20
Let s(k) = -1 + 22*k + 38*k + 52*k - 13*k. Let w be s(1). Let r be w/(-14)*12/(-14). Calculate the highest common divisor of r and 42.
6
Let c be 0/(-3) + -1 + 1. Suppose c*t + t = 24. Let d(q) = -q**3 - q**2 + 2*q - 4. Let u be d(-3). What is the highest common factor of u and t?
8
Let x = -2 - -6. Let w = x - 0. What is the highest common factor of w and 28?
4
Let t(x) = 2*x**2 - 13*x - 98. Let c be t(14). Calculate the highest common factor of c and 308.
28
Suppose -4*w + 156 = -7*m + 11*m, -3*m = -2*w - 142. What is the greatest common factor of 44 and m?
44
Let m(z) = 30*z**2 - z - 3. Suppose -x + 5*x - p = -7, -5*p + 1 = -3*x. Let n be m(x). What is the greatest common divisor of 17 and n?
17
Suppose -2495 = -20*u + 3805. Calculate the greatest common factor of u and 135.
45
Let t be ((-36)/54)/(1/(-180)). What is the highest common factor of t and 80?
40
Let b = -109 - -16. Let h be (-101)/(-6) + (b/(-18) - 5). Let a be 2/(-4)*(-372 + -2). Calculate the greatest common factor of h and a.
17
Suppose 38*y - 480 = 26*y. Suppose 0 = -2*d - 3*d + 75. Calculate the highest common divisor of y and d.
5
Let p be (-15)/(-45) - (-272)/(-6). Let x = p - -58. Calculate the highest common factor of x and 91.
13
Let l be 2/6 + (20/6)/2. Let c(p) = p + 30. Let u be c(-8). What is the highest common factor of u and l?
2
Let v(c) = 3*c**3 - 5*c**2 + 3*c + 4. Let l be v(4). Let k = -49 - -65. What is the highest common factor of l and k?
16
Let v = -157 - -189. What is the greatest common divisor of v and 24?
8
Let k = 225 + -141. Suppose -x + 21 - 9 = 0. Suppose 5*y - 75 = -d - 15, y - 4*d - x = 0. Calculate the greatest common divisor of y and k.
12
Suppose j = 7 + 38. Let f = 67 - 64. Suppose 3*o - j = -r - 3*r, -f*o = -4*r + 27. What is the highest common divisor of 72 and r?
9
Let u be (-41734)/(-49) - (-46)/161. Calculate the highest common divisor of 36 and u.
12
Suppose 22*j - 18*j + 4 = 0. Let p(z) = 35*z**2 - 2*z - 1. Let k be p(j). What is the highest common divisor of 144 and k?
36
Let g = -205 + 294. Calculate the greatest common divisor of 1157 and g.
89
Let b(v) = -v**3 + 10*v**2 + 19*v - 237. Let y be b(9). Let h = -34 - -64. What is the greatest common divisor of h and y?
15
Let i = -16 + 14. Let t = i - -2. Let g = t + 10. Calculate the greatest common divisor of 5 and g.
5
Let k be (-1449)/92*8/(-3). What is the greatest common divisor of k and 36?
6
Let g(d) = 44*d**3 + 2*d**2 - 2*d. Let v be g(1). Suppose -5*j = 59 - 224. Calculate the greatest common divisor of v and j.
11
Let d(f) = 595*f**2 - 16*f - 8. Let u be d(2). What is the highest common factor of 6 and u?
6
Suppose -284 = u + 5*s, 0 = -u - u - 4*s - 550. Let f = 379 + u. What is the highest common factor of f and 44?
22
Let m(s) = -54*s - 43. Let w be m(-1). What is the greatest common divisor of w and 88?
11
Let c be (-12)/(-8)*4/3. Let j be ((-10)/(-4) + -1)*c. Calculate the greatest common factor of j and 27.
3
Suppose 77 = 4*m + 61. What is the greatest common divisor of m and 30?
2
Let g(n) = -2*n**3 - 8*n - 56. Let b be g(-5). Calculate the greatest common factor of 54 and b.
18
Let i be 40/(-8) + 1 + 5. Let f be 8 - (-4 - (-1)/i). What is the highest common factor of 33 and f?
11
Suppose 193 = 11*s + 160. What is the greatest common factor of 489 and s?
3
Suppose -2*r - 3 = 3. Let g = 5 + r. Suppose 4*i - g*i = 90. What is the greatest common divisor of i and 9?
9
Suppose 13*v + 112 = 21*v. What is the highest common factor of v and 112?
14
Let z(n) = 8*n**2 + 10*n - 28. Let h be z(6). Calculate the highest common divisor of 10 and h.
10
Let v be -2 + (3 - 2) - -129. Suppose -64 = -2*x + 3*q, 4*x - 5*q = -4*q + v. What is the highest common factor of 352 and x?
32
Suppose -197 = 5*x + 133. Let h = -65 - x. What is the greatest common factor of h and 4?
1
Let n be (3 - 1)*(-95)/(-38). Let c = 1 - 3. Let o = n - c. Calculate the highest common factor of 63 and o.
7
Let p be (((-8)/2)/(-4))/((-1)/(-60)). What is the highest common divisor of 230 and p?
10
Let x be (-45)/(-180) - (-47)/4. Let l be (-22)/(-5) - (-4)/(-10). Suppose 2*n - i - 536 = -3*n, -l = -i. What is the greatest common factor of x and n?
12
Let x be (-1 + 10)*(-5)/(-9)*3. Let w be (1*(0 + -6))/(-1). Calculate the highest common factor of x and w.
3
Let b(k) = 8*k**2 - 91*k - 35. Let i be b(12). Calculate the greatest common divisor of i and 80.
5
Let o = 16 + -16. Suppose -3*h - 5*p = 717, o*p = h - 5*p + 219. Let v be (-2)/(-4) - h/12. What is the highest common factor of 50 and v?
10
Suppose -12*n + 4*n = -416. Calculate the greatest common factor of 91 and n.
13
Let q be 9/((-38)/10 + 4) - -3. Suppose 3*n = 4*m - q, -m + n = -4*n - 29. Calculate the greatest common divisor of 99 and m.
9
Let b be 320/50 + (4/(-10))/1. Let t(j) = j**2 + 7*j - 30. Let a be t(b). Calculate the highest common factor of 8 and a.
8
Let j(f) = 11*f**3 - 4*f**2 + 3*f - 1. Let m be j(2). Let s be (-92)/(-22) - 14/m. Let z be -9*s*3/(-18). Calculate the greatest common divisor of z and 2.
2
Suppose 2*l = 2*f - 4, 4*f - 2*f - 8 = -2*l. Suppose -4*r = 2*m - 0*m - 426, -f*r + 633 = 3*m. What is the greatest common factor of 19 and m?
19
Suppose 83*h - 979 = -66. Let j(d) = 87*d**2 - 2*d - 1. Let s be j(-1). What is the greatest common factor of s and h?
11
Let d(k) = -k**2 - 9*k - 4. Let z be d(-8). Let x be z - -3*(6 - 3). What is the highest common factor of x and 91?
13
Let p = -283 - -488. Suppose 4*v + 246 = 7*v. Calculate the greatest common divisor of p and v.
41
Let m(c) = -5*c**3 + 2*c - 3. Let q be m(2). Let y = 45 + q. Calculate the greatest common divisor of y and 66.
6
Let x = -4 - -9. Suppose 0*h = x*h - 135. Suppose u + 6 = 2*l - 7, 0 = 5*l + 3*u - h. Calculate the greatest common divisor of 54 and l.
6
Let v = 16 - 4. Let g be v + 3 + -3 + 3. Let y be 1/(-5) + 93/g. What is the greatest common divisor of 24 and y?
6
Suppose 0 = 6*k - 896 - 622. Calculate the highest common factor of 11 and k.
11
Let x(i) = -5*i**3 + i**2 - 18*i - 15. Let d be x(-5). What is the greatest common factor of d and 75?
25
Suppose -5*g = -5, 4*g + 49 = u - 46. What is the greatest common factor of 36 and u?
9
Let r(z) = -41*z - 165. Let g be r(-6). What is the greatest common factor of 270 and g?
27
Let k(t) = 82*t**2 + 18*t - 1. Let s be k(-1). What is the greatest common factor of s and 36?
9
Let n be -164 + 202 - (0 - 1). What is the highest common divisor of 312 and n?
39
Suppose 3*q - 8 = -q. Calculate the greatest common divisor of q and 74.
2
Suppose 36 = y + y. Suppose -7 = -5*a + y. Suppose 37 = -a*c + 117. Calculate the highest common divisor of 16 and c.
16
Suppose f - 101 = -4*u, -103 + 608 = 5*f - u. Let p = 105 - f. What is the highest common factor of 5 and p?
1
Let r be 3 - 16/((-20)/5). Let i be r/(63/(-6))*-6. What is the greatest common divisor of i and 10?
2
Let k(r) = 14*r + 544. Let d be k(-38). Calculate the highest common divisor of 84 and d.
12
Let j(u) = -145*u - 115. Let b be j(-8). What is the greatest common factor of b and 165?
55
Suppose b + 404 = 3*y, -5*y + b + 673 = -b. Let t(o) = -16*o**2 + 447*o + 43. Let d be t(28). Calculate the greatest common factor of d and y.
15
Let g be 12/((-60)/(-10)) - -453. Calculate the greatest common factor of g and 140.
35
Let d(x) = -2*x**2 + 24*x + 30. Let t be d(13). What is the highest common factor of 284 and t?
4
Let y be (-112)/14 + 1*(2 + 2). Let l be (-5 + y)*((-6)/9 + 0). Calculate the highest common divisor of l and 9.
3
Let z = 414 - 297. What is the greatest common divisor of 390 and z?
39
Let j(x) be the second derivative of -x + 0 - 1/6*x**4 + 8/3*x**3 + 0*x**2. Let k be j(7). What is the greatest common divisor of 14 and k?
14
Suppose -38 = -4*q - 2*f, -3*q + f = -0*q - 21. What is the highest common factor of q and 92?
4
Let d be ((3 - 4 - -1) + 50)/2. Calculate the highest common divisor of d and 1050.
25
Let m be 105/7*2/6. Suppose -4*h = -v - 7, -m*h + 4*v - 9 = -4. What is the greatest common factor of h and 3?
3
Let q = -905 + 970. Calculate the highest common divisor of q and 195.
65
Suppose -m + 3*l + l + 11 = 0, 5*l = -3*m + 33. Calculate the highest common factor of m and 7.
1
Let z(b) = 